Is 2754 a multiple of 87?
False
Does 20 divide 6420?
True
Is 4110 a multiple of 137?
True
Does 18 divide 498?
False
Is 35 a factor of 2225?
False
Does 92 divide 18434?
False
Is 11 a factor of 1120?
False
Is 106 a factor of 1908?
True
Is 7128 a multiple of 33?
True
Does 3 divide 266?
False
Does 11 divide 222?
False
Is 59 a multiple of 12?
False
Is 11 a factor of 55?
True
Is 32 a factor of 8592?
False
Is 12 a factor of 17676?
True
Does 10 divide 18867?
False
Is 10015 a multiple of 44?
False
Is 14262 a multiple of 20?
False
Is 14 a multiple of 2?
True
Is 2608 a multiple of 8?
True
Is 9894 a multiple of 17?
True
Is 14 a factor of 4662?
True
Does 7 divide 19852?
True
Does 68 divide 63512?
True
Does 8 divide 64?
True
Does 34 divide 15709?
False
Is 1150 a multiple of 115?
True
Is 174 a multiple of 4?
False
Is 1293 a multiple of 9?
False
Is 615 a multiple of 7?
False
Does 17 divide 7225?
True
Does 5 divide 1486?
False
Does 64 divide 16768?
True
Does 55 divide 11057?
False
Is 182 a factor of 28574?
True
Is 54 a factor of 432?
True
Is 25588 a multiple of 16?
False
Is 44 a multiple of 2?
True
Is 23326 a multiple of 109?
True
Is 4092 a multiple of 33?
True
Is 41 a factor of 272?
False
Does 9 divide 108?
True
Is 26460 a multiple of 70?
True
Is 17 a multiple of 17?
True
Is 85 a factor of 850?
True
Is 50 a factor of 1290?
False
Does 232 divide 10640?
False
Is 235 a multiple of 31?
False
Does 234 divide 89154?
True
Does 7 divide 793?
False
Is 4565 a multiple of 35?
False
Is 2904 a multiple of 41?
False
Is 32 a factor of 24032?
True
Does 56 divide 392?
True
Is 780 a multiple of 60?
True
Is 3041 a multiple of 13?
False
Does 21 divide 43?
False
Is 3471 a multiple of 89?
True
Is 16 a factor of 4672?
True
Is 16690 a multiple of 11?
False
Is 26145 a multiple of 16?
False
Is 2248 a multiple of 5?
False
Is 401 a multiple of 5?
False
Is 21 a factor of 3675?
True
Is 12970 a multiple of 13?
False
Does 40 divide 3336?
False
Does 54 divide 5346?
True
Is 32 a factor of 3834?
False
Is 112 a factor of 33040?
True
Is 28 a factor of 4577?
False
Is 849 a multiple of 15?
False
Is 1331 a multiple of 5?
False
Does 5 divide 272?
False
Is 1530 a multiple of 17?
True
Does 28 divide 10798?
False
Is 44548 a multiple of 97?
False
Is 11 a factor of 424?
False
Does 41 divide 902?
True
Is 551 a multiple of 19?
True
Is 2265 a multiple of 45?
False
Is 32811 a multiple of 226?
False
Is 39 a factor of 897?
True
Does 35 divide 1225?
True
Is 29 a factor of 12300?
False
Does 28 divide 2772?
True
Is 11466 a multiple of 182?
True
Does 9 divide 7496?
False
Does 28 divide 3722?
False
Does 24 divide 11201?
False
Is 280 a multiple of 14?
True
Is 28 a factor of 61716?
False
Is 108 a factor of 91629?
False
Is 26057 a multiple of 127?
False
Does 10 divide 4459?
False
Is 8 a factor of 527?
False
Is 1530 a multiple of 51?
True
Is 8694 a multiple of 27?
True
Is 11 a factor of 54350?
False
Does 10 divide 1080?
True
Is 58432 a multiple of 57?
False
Is 83 a factor of 464?
False
Is 58 a factor of 3572?
False
Is 17 a factor of 562?
False
Is 104 even?
True
Is 57529 a multiple of 45?
False
Is 38001 a multiple of 149?
False
Is 47 a factor of 42852?
False
Is 12 a factor of 2568?
True
Does 12 divide 8181?
False
Does 76 divide 42946?
False
Is 10831 a multiple of 22?
False
Is 102 a multiple of 17?
True
Does 20 divide 20120?
True
Is 136 a factor of 27852?
False
Is 128 a factor of 1011?
False
Is 43 a factor of 516?
True
Is 450 a factor of 79072?
False
Is 19 a factor of 646?
True
Does 31 divide 136989?
True
Does 72 divide 2359?
False
Does 9 divide 21861?
True
Is 50 a factor of 41057?
False
Is 20 a factor of 20?
True
Does 8 divide 102?
False
Is 1127 a multiple of 7?
True
Is 2536 a multiple of 8?
True
Does 14 divide 311?
False
Does 14 divide 22149?
False
Is 1976 a multiple of 27?
False
Is 1346 a multiple of 26?
False
Is 26 a factor of 332?
False
Does 21 divide 1280?
False
Does 7 divide 392?
True
Is 508 a multiple of 7?
False
Does 24 divide 768?
True
Does 16 divide 92?
False
Is 66 a factor of 30136?
False
Is 768 a multiple of 24?
True
Is 12 a factor of 3437?
False
Does 13 divide 43004?
True
Is 8534 a multiple of 34?
True
Does 55 divide 806?
False
Is 39 a factor of 8617?
False
Is 155144 a multiple of 10?
False
Is 11 a factor of 1416?
False
Is 45528 a multiple of 14?
True
Is 60183 a multiple of 9?
True
Is 4917 a multiple of 25?
False
Does 16 divide 960?
True
Does 17 divide 10805?
False
Is 14 a factor of 742?
True
Is 44 a factor of 308?
True
Is 55763 a multiple of 354?
False
Is 29 a factor of 4583?
False
Is 25170 a multiple of 30?
True
Is 26 a factor of 390?
True
Does 3 divide 1882?
False
Does 65 divide 1379?
False
Is 54 a factor of 2378?
False
Is 752 a multiple of 7?
False
Is 153 a factor of 19818?
False
Does 19 divide 889?
False
Is 35 a factor of 2853?
False
Does 37 divide 140870?
False
Is 776 a multiple of 97?
True
Does 20 divide 7284?
False
Is 16 a factor of 384?
True
Is 86 a factor of 4558?
True
Is 18420 a multiple of 20?
True
Is 11 a factor of 856?
False
Is 11232 a multiple of 24?
True
Is 4498 a multiple of 9?
False
Is 12 a factor of 505?
False
Is 785 a multiple of 8?
False
Is 35 a factor of 390?
False
Is 9 a factor of 235?
False
Is 7 a factor of 5544?
True
Does 12 divide 516?
True
Does 5 divide 6870?
True
Is 30 a factor of 570?
True
Is 21 a factor of 28579?
False
Is 106 a factor of 1908?
True
Does 23 divide 1955?
True
Does 106 divide 108?
False
Is 128 a multiple of 16?
True
Does 43 divide 3905?
False
Does 34 divide 45492?
True
Is 2 a factor of 697?
False
Does 11 divide 330?
True
Does 23 divide 13340?
True
Is 111660 a multiple of 173?
False
Is 91 a factor of 22295?
True
Is 2912 a multiple of 70?
False
Is 29 a factor of 812?
True
Is 37 a factor of 1702?
True
Does 22 divide 10927?
False
Is 99 a multiple of 15?
False
Is 468 a multiple of 4?
True
Is 55588 a multiple of 13?
True
Does 35 divide 524?
False
Is 28 a factor of 1108?
False
Is 4 a factor of 1564?
True
Does 4 divide 7229?
False
Does 8 divide 193?
False
Is 25764 a multiple of 74?
False
Is 475 a multiple of 16?
False
Is 125 a factor of 46367?
False
Does 41 divide 1347?
False
Does 51 divide 7293?
True
Does 2 divide 38?
True
Is 1424 a multiple of 4?
True
Is 56 a factor of 2184?
True
Is 16 a factor of 471?
False
Is 62 a factor of 2356?
True
Does 5 divide 290?
True
Is 27192 a multiple of 33?
True
Is 32878 a multiple of 34?
True
Does 123 divide 793?
False
Is 5 a factor of 35892?
False
Is 193 a multiple of 11?
False
Is 25 a factor of 676?
False
Is 304 a multiple of 4?
True
Is 884 a multiple of 3?
False
Is 2967 a multiple of 42?
False
Is 7 a factor of 58?
False
Does 64 divide 4344?
False
Does 18 divide 109674?
True
Does 22 divide 105951?
False
Does 20 divide 44829?
False
Is 1824 a multiple of 12?
True
Is 12291 a multiple of 21?
False
Does 10 divide 52740?
True
Is 29 a factor of 783?
True
Does 42 divide 16002?
True
Is 81 a multiple of 3?
True
Does 89 divide 2848?
True
Is 10 a factor of 45446?
False
Does 76 divide 62624?
True
Is 60 a factor of 2820?
True
Does 6 divide 400?
False
Does 31 divide 341?
True
Is 1665 a multiple of 30?
False
Is 2459 a multiple of 16?
False
Does 2 divide 6?
True
Is 8734 a multiple of 7?
False
Is 7 a factor of 349?
False
Is 62 a factor of 4030?
True
Does 3 divide 6918?
True
Is 10 a factor of 155?
False
Is 2518 a multiple of 3?
False
Is 50 a factor of 1500?
True
Is 223 a multiple of 17?
False
Is 20 a factor of 15720?
True
Does 4 divide 11280?
True
Is 83 a factor of 10043?
True
Is 79 a factor of 24820?
False
Is 1433 a multiple of 37?
False
Does 37 divide 222?
True
Does 18 divide 3204?
True
Is 14 a factor of 11774?
True
Is 155 a factor of 7512?
False
Is 4743 a multiple of 31?
True
Does 30 divide 991?
False
Does 40 divide 466?
False
Does 11 divide 352?
True
Does 63 divide 20412?
True
Is 15 a factor of 13495?
False
Is 474 a multiple of 6?
True
Is 8 a factor of 928?
True
Is 18 a factor of 11340?
True
Is 46 a factor of 2503?
False
Does 19 divide 2147?
True
Is 1131 a multiple of 19?
False
Is 1870 a multiple of 55?
True
Does 18 divide 162?
True
Is 107 a factor of 1237?
False
Is 9348 a multiple of 76?
True
Is 18 a factor of 27864?
True
Is 18881 a multiple of 3?
False
Is 30007 a multiple of 37?
True
Does 19 divide 380?
True
Is 993 a multiple of 11?
False
Does 1